factors of q?
5, 17
Let f = 75 - 73. Suppose -3*n = -r + 101 - 608, 2*r + 342 = f*n. What are the prime factors of n?
2, 3, 7
Suppose v - 5 + 5 = 0. Suppose v = -3*g - g + 4372. What are the prime factors of g?
1093
Let q be 483/(-35) - 4/(-5). Let v = -7 - q. Suppose 11*g - 350 = v*g. What are the prime factors of g?
2, 5, 7
Suppose -338 = 4*a - 6*a. Let p = -103 + a. List the prime factors of p.
2, 3, 11
Let v(u) be the second derivative of -u**5/20 - 5*u**4/6 - u**3/3 + 12*u**2 - 33*u. Let d be v(-9). Let x = d - -111. List the prime factors of x.
2, 3
Let c be 0*2/8 - -7. Let h(w) = w**2 - w - 1. Let y be h(c). Let p = y + -21. List the prime factors of p.
2, 5
Let x = 5 + 15. Suppose -x = -3*r - r. Suppose 5 = 2*i + 1, 2*z - r*i - 200 = 0. What are the prime factors of z?
3, 5, 7
List the prime factors of 3689 + -14*39/(-91).
5, 739
Suppose -2*b = -4*t, -5*b + 0*b = t - 22. Suppose -13*o + 15*o + 6 = 0, 0 = -b*f + o + 1247. What are the prime factors of f?
311
Let i be ((-4)/12)/((4/(-366))/(-2)). Let r = i + 76. List the prime factors of r/50*5*(-464)/(-6).
2, 29
List the prime factors of (6876/63)/(90/12915).
2, 41, 191
Let b be (-4)/(-14) + 23/((-2093)/(-10894)). List the prime factors of (16/6 - 2) + 66160/b.
2, 3, 23
What are the prime factors of 2904/(-5)*420/(-63)?
2, 11
Let u(w) = 3*w**2 - 11*w + 15. Let r be u(6). Suppose -4*f = -3*y + 461, -4*f - r - 110 = -y. List the prime factors of y.
3, 7
Let s be (-22)/4*(3 + -3 + 6). What are the prime factors of s/(-11) - (-1 - 158 - 2)?
2, 41
Let h(a) = 94*a**2 + 150*a - 85. What are the prime factors of h(-17)?
3, 13, 17, 37
Suppose 12*p = 15*p - 318. Suppose -3*a + p = -a. Suppose 2*r - 25 = a. List the prime factors of r.
3, 13
Let h(m) = m**2 - 37*m + 104. Let y be h(34). What are the prime factors of 1/(-2)*(y + -960)?
479
Suppose 308924 = 27*c - 90441 - 317026. List the prime factors of c.
13, 157
Let u(a) = -21 + 39 + 31 - 4*a + 32*a. List the prime factors of u(2).
3, 5, 7
Let d(q) = 124*q + 25. Let u be d(15). Let n = u - 1281. List the prime factors of n.
2, 151
Let v = 6433 - -19486. What are the prime factors of v?
25919
Let j(l) = 11*l**3 - 6*l**2 + 23*l - 43. What are the prime factors of j(10)?
3, 3529
Suppose 0*s + s = -33. Let k be (-5)/(-10) + (-107)/(-2) + 2. Let f = s + k. List the prime factors of f.
23
Let a be 4 + -5 - 3*14. Let i = -54 - a. Let g = 44 + i. What are the prime factors of g?
3, 11
Let j = -2639 + -4729. What are the prime factors of (3 - (-3 - -8))/(16/j)?
3, 307
Let a be -1*6*5/(-4)*2. Suppose 0 = -3*o - 2*o + a. What are the prime factors of o*(-3)/6*-100?
2, 3, 5
Suppose -5*l + 5 = 5*a, 3*l - 1 = -5*a + 2. Suppose -6*t - 482 + 5090 = a. List the prime factors of (1/3)/(4/t).
2
Suppose -4*b = i - 7, -4*i + 5*b = -3*i - 16. Let f(x) = i*x**2 + x**3 - 16*x + 45*x + 19 - 21*x. List the prime factors of f(-9).
109
Suppose -85*w - 21*w = -362308. What are the prime factors of w?
2, 1709
Suppose -3*b + 35 = 4*s, 4*s = -8*b + 9*b - 1. Let f(l) = b*l + 3*l + 22 + 11*l - 71. What are the prime factors of f(11)?
2, 3, 17
Suppose 18*s - 121795 = 95015. List the prime factors of s.
3, 5, 11, 73
Let o be 2/(-1) - (-89 + -9 + 4). Suppose 0 = -3*f - 9, z + 4*f = -z - 66. Let w = z + o. What are the prime factors of w?
5, 13
What are the prime factors of (2/((-42)/(-28)*-4))/((-2)/139794)?
23, 1013
Suppose -59 = 3*v - 1007. Suppose 3*s - 525 = -3*h, 6*s = 7*s + 4*h - 172. Suppose v = 5*z - b, s = 3*z - 2*b - 2*b. List the prime factors of z.
2
Suppose -28520 = -4*r + b, -5*r + 7019 = b - 28640. What are the prime factors of r?
3, 2377
Let g be (-135)/54*8/(-10). List the prime factors of 55*(g + ((-15)/(-3))/(-5)).
5, 11
Suppose -20134 - 28211 = -15*b. Let m = b - 2272. What are the prime factors of m?
3, 317
Let m = 1236 + -127. Suppose u - 4*c + 50 = 332, 4*u = -3*c + m. What are the prime factors of u?
2, 139
Let j be 45/6 + -7 + 907/(-2). Let c = j - -1190. What are the prime factors of c?
11, 67
Let g(p) = p**3 + 15*p**2 - 4*p - 28. Let w be g(-12). Let y = 779 - w. List the prime factors of y.
3, 109
Let s = 24249 + -12603. List the prime factors of s.
2, 3, 647
Let c be (-3)/2 + 3/(-2). Let n be (7/(-14))/(2/32*2). List the prime factors of (-4)/(n/c)*-37.
3, 37
Let m = -10939 - -52609. What are the prime factors of m?
2, 3, 5, 463
Let p(z) = 14937*z**2 - 89*z + 12. List the prime factors of p(-2).
2, 23, 1303
Let i be (209 + 1 + 1)/(8/32). Suppose 7*c - i = 136. List the prime factors of c.
2, 5, 7
Let f(m) be the second derivative of 4*m**3/3 + 543*m**2/2 - 18*m - 3. List the prime factors of f(0).
3, 181
Suppose 0 = -3*z - 232 - 44. Let k = z - -108. List the prime factors of (2*788/k)/((-1)/(-2)).
197
Suppose 24*o - 15396 = 19548. Let h = o + -735. What are the prime factors of h?
7, 103
Let a = 18 + -11. Let v be 13/4 + a/(-28). Suppose 0 = -u - v*w + 74, w - 40 = 3*u - 232. List the prime factors of u.
5, 13
Let u = 3 + 0. Suppose f + u*f - 960 = 0. Let r = -159 + f. List the prime factors of r.
3
Let o = 1527 - 847. Suppose 0 = -4*n - 3*w + o + 4785, 3*n - 2*w - 4103 = 0. List the prime factors of n.
1367
Suppose -4 + 146 = -2*i. Suppose 0 = -3*q + s + 239 + 363, -3*q + 3*s + 606 = 0. Let j = q + i. What are the prime factors of j?
3, 43
Let v be 10*6*26/15. Suppose q + 5*g + 10 = 2*q, 45 = -2*q - 3*g. What are the prime factors of v/(q/(-3) + -4)?
2, 13
Suppose 218*x = 213*x + 23765. What are the prime factors of x?
7, 97
Let q(z) = 3*z - 7. Let f be q(18). Let g = f + -52. Let n(v) = -11*v + 4. List the prime factors of n(g).
59
Let t be (2 + (-14)/4)/(27/(-36)). Suppose -55 = -3*b - t*b. Let h(z) = -z**3 + 10*z**2 + 17*z + 13. List the prime factors of h(b).
79
Suppose -8606 = 24*l - 37*l. Suppose l = 3*c - 610. What are the prime factors of c?
2, 53
Let y(w) = -14*w**3 + 22*w**2 - 18*w - 480. What are the prime factors of y(-11)?
2, 7, 19, 79
Let u(c) = 18*c - 23. Let m be u(2). Suppose 3*n = -6, -5*d + 2310 = -8*n + m*n. List the prime factors of d.
2, 29
Let r be (-2 - (-96)/51) + 42/357. Suppose r = t - 504 - 291. What are the prime factors of t?
3, 5, 53
Let n(f) = -f**2 - 10*f - 3. Let q be n(-12). Let m = -19 - q. Let l = 31 + m. List the prime factors of l.
3, 13
Let p(x) = -58*x - 51*x + 166*x + 154 - 59*x. What are the prime factors of p(15)?
2, 31
Let d = -3022 + 3378. List the prime factors of d.
2, 89
Let k(x) be the first derivative of -1/4*x**4 + 15 - 5/2*x**2 - 7*x**3 - 5*x. List the prime factors of k(-21).
2, 5
Let y(w) = -13288*w - 27. List the prime factors of y(-1).
89, 149
Suppose 593*i - 561649 - 109084 = 106690. What are the prime factors of i?
3, 19, 23
Let r be (-11)/(88/16) + 4. Suppose r*i - l - 2206 = 0, -4*l = -4*i + 511 + 3909. List the prime factors of i.
3, 367
Let t = -16 + 37. Suppose 0 = t*h - 18*h + 240. Let j = h - -99. List the prime factors of j.
19
Let r(a) = a**2 - 7*a + 3. Let f be r(6). Let t be (-10 - -3)/(f + 2). Suppose -4*y = -t*y + 234. What are the prime factors of y?
2, 3, 13
Let x(v) = -5*v**2 - 4*v**3 + 3*v**3 + v**2 + 0*v**2 + 4 - 3*v. Let i be x(-3). Suppose 2*n + i*m - 180 = 0, n - 69 = 4*m + 39. What are the prime factors of n?
2, 3
Let h(m) = 2*m**2 - 5*m. Let r(b) = -b**2 + 5*b + 1. Let f(p) = 2*h(p) + 3*r(p). List the prime factors of f(-19).
269
Let v(z) be the first derivative of -z**4/4 + 2*z**3 - 6*z**2 - 30*z + 80. List the prime factors of v(-6).
2, 3, 79
Let i(t) = t - 49. Let l be i(0). Let m = 50 + l. What are the prime factors of (-1)/m - (-65)/5?
2, 3
Let m be 1/4 + (-207)/(-36). Let s be 344 + (0 - (-1 + 3)). Suppose -4*v + v = m, s = 3*n - 3*v. What are the prime factors of n?
2, 7
Suppose -67*p = -765104 - 17523. List the prime factors of p.
11681
Suppose -3*u + 3*g + 104868 = 0, 5*u - 76*g + 74*g = 174774. List the prime factors of u.
2, 17477
Suppose -10*h + 11*h = -z + 4635, 4*h + 5*z - 18540 = 0. What are the prime factors of h?
3, 5, 103
Let v(g) = 2*g**3 - g**2 - 8*g + 4. Suppose -2*f + 106 + 6 = 0. Let n = f - 53. What are the prime factors of v(n)?
5
Let p = 64 + -19. Let r = 49 - p. Suppose -3 - 381 = -r*a. What are the prime factors of a?
2, 3
Let d be (3 + 4/(-12))*-18. Let w = d + 53. Suppose 0*a - 179 = -4*a + 3*f, w*a = -5*f + 215. List the prime factors 